CRAN Package Check Results for Package FLightR

Last updated on 2018-06-20 01:50:14 CEST.

Flavor Version Tinstall Tcheck Ttotal Status Flags
r-devel-linux-x86_64-debian-clang 0.4.6 9.19 193.23 202.42 OK
r-devel-linux-x86_64-debian-gcc 0.4.6 6.29 142.87 149.16 OK
r-devel-linux-x86_64-fedora-clang 0.4.6 230.71 NOTE
r-devel-linux-x86_64-fedora-gcc 0.4.6 219.44 NOTE
r-devel-windows-ix86+x86_64 0.4.6 15.00 292.00 307.00 OK
r-patched-linux-x86_64 0.4.6 8.25 178.67 186.92 OK
r-patched-solaris-x86 0.4.6 332.80 NOTE
r-release-linux-x86_64 0.4.6 9.40 173.89 183.29 OK
r-release-windows-ix86+x86_64 0.4.6 12.00 195.00 207.00 OK
r-release-osx-x86_64 0.4.6 NOTE
r-oldrel-windows-ix86+x86_64 0.4.6 10.00 200.00 210.00 OK
r-oldrel-osx-x86_64 0.4.6 NOTE

Check Details

Version: 0.4.6
Check: dependencies in R code
Result: NOTE
    Namespace in Imports field not imported from: ‘rgdal’
     All declared Imports should be used.
Flavors: r-devel-linux-x86_64-fedora-clang, r-devel-linux-x86_64-fedora-gcc, r-patched-solaris-x86, r-release-osx-x86_64, r-oldrel-osx-x86_64