CRAN Package Check Results for Package FieldSim

Last updated on 2018-06-20 01:50:14 CEST.

Flavor Version Tinstall Tcheck Ttotal Status Flags
r-devel-linux-x86_64-debian-clang 3.2.1 4.23 49.91 54.14 NOTE
r-devel-linux-x86_64-debian-gcc 3.2.1 4.21 36.85 41.06 NOTE
r-devel-linux-x86_64-fedora-clang 3.2.1 62.37 NOTE
r-devel-linux-x86_64-fedora-gcc 3.2.1 59.48 NOTE
r-devel-windows-ix86+x86_64 3.2.1 12.00 62.00 74.00 NOTE
r-patched-linux-x86_64 3.2.1 4.74 47.12 51.86 NOTE
r-patched-solaris-x86 3.2.1 84.50 NOTE
r-release-linux-x86_64 3.2.1 3.78 46.24 50.02 NOTE
r-release-windows-ix86+x86_64 3.2.1 7.00 88.00 95.00 NOTE
r-release-osx-x86_64 3.2.1 NOTE
r-oldrel-windows-ix86+x86_64 3.2.1 6.00 68.00 74.00 NOTE
r-oldrel-osx-x86_64 3.2.1 NOTE

Check Details

Version: 3.2.1
Check: R code for possible problems
Result: NOTE
    fieldsim: no visible global function definition for ‘rnorm’
    midpoint: no visible global function definition for ‘rnorm’
    setAtlas_under: no visible global function definition for ‘runif’
    setCovf_under : Ibeta: no visible global function definition for
     ‘pbeta’
    visualize: no visible global function definition for ‘colorRampPalette’
    Undefined global functions or variables:
     colorRampPalette pbeta rnorm runif
    Consider adding
     importFrom("grDevices", "colorRampPalette")
     importFrom("stats", "pbeta", "rnorm", "runif")
    to your NAMESPACE file.
Flavors: r-devel-linux-x86_64-debian-clang, r-devel-linux-x86_64-debian-gcc, r-devel-linux-x86_64-fedora-clang, r-devel-linux-x86_64-fedora-gcc, r-devel-windows-ix86+x86_64, r-patched-linux-x86_64, r-patched-solaris-x86, r-release-linux-x86_64, r-release-windows-ix86+x86_64, r-release-osx-x86_64, r-oldrel-windows-ix86+x86_64, r-oldrel-osx-x86_64