CRAN Package Check Results for Package GA

Last updated on 2018-06-20 01:50:15 CEST.

Flavor Version Tinstall Tcheck Ttotal Status Flags
r-devel-linux-x86_64-debian-clang 3.1.1 41.42 60.13 101.55 OK
r-devel-linux-x86_64-debian-gcc 3.1.1 29.26 46.14 75.40 OK
r-devel-linux-x86_64-fedora-clang 3.1.1 122.35 OK
r-devel-linux-x86_64-fedora-gcc 3.1.1 114.82 OK
r-devel-windows-ix86+x86_64 3.1.1 94.00 131.00 225.00 OK
r-patched-linux-x86_64 3.1.1 37.45 56.61 94.06 OK
r-patched-solaris-x86 3.1.1 137.50 OK
r-release-linux-x86_64 3.1.1 36.87 56.04 92.91 OK
r-release-windows-ix86+x86_64 3.1.1 62.00 88.00 150.00 OK
r-release-osx-x86_64 3.1.1 NOTE
r-oldrel-windows-ix86+x86_64 3.1.1 92.00 89.00 181.00 OK
r-oldrel-osx-x86_64 3.1.1 OK

Check Details

Version: 3.1.1
Check: installed package size
Result: NOTE
     installed size is 5.3Mb
     sub-directories of 1Mb or more:
     doc 1.3Mb
     libs 3.5Mb
Flavor: r-release-osx-x86_64