CRAN Package Check Results for Package GPB

Last updated on 2018-06-20 01:50:16 CEST.

Flavor Version Tinstall Tcheck Ttotal Status Flags
r-devel-linux-x86_64-debian-clang 1.0 2.03 17.28 19.31 NOTE
r-devel-linux-x86_64-debian-gcc 1.0 1.70 13.64 15.34 NOTE
r-devel-linux-x86_64-fedora-clang 1.0 22.66 NOTE
r-devel-linux-x86_64-fedora-gcc 1.0 21.44 NOTE
r-devel-windows-ix86+x86_64 1.0 7.00 42.00 49.00 OK
r-patched-linux-x86_64 1.0 1.93 16.12 18.05 NOTE
r-patched-solaris-x86 1.0 36.00 OK
r-release-linux-x86_64 1.0 1.85 16.03 17.88 NOTE
r-release-windows-ix86+x86_64 1.0 8.00 30.00 38.00 OK
r-release-osx-x86_64 1.0 OK
r-oldrel-windows-ix86+x86_64 1.0 6.00 30.00 36.00 OK
r-oldrel-osx-x86_64 1.0 OK

Additional issues

valgrind

Check Details

Version: 1.0
Check: compiled code
Result: NOTE
    File ‘GPB/libs/GPB.so’:
     Found no calls to: ‘R_registerRoutines’, ‘R_useDynamicSymbols’
    
    It is good practice to register native routines and to disable symbol
    search.
    
    See ‘Writing portable packages’ in the ‘Writing R Extensions’ manual.
Flavors: r-devel-linux-x86_64-debian-clang, r-devel-linux-x86_64-debian-gcc, r-devel-linux-x86_64-fedora-clang, r-devel-linux-x86_64-fedora-gcc, r-patched-linux-x86_64, r-release-linux-x86_64