Last updated on 2018-06-20 01:50:16 CEST.
Flavor | Version | Tinstall | Tcheck | Ttotal | Status | Flags |
---|---|---|---|---|---|---|
r-devel-linux-x86_64-debian-clang | 1.0 | 1.73 | 21.10 | 22.83 | OK | |
r-devel-linux-x86_64-debian-gcc | 1.0 | 1.37 | 16.26 | 17.63 | OK | |
r-devel-linux-x86_64-fedora-clang | 1.0 | 26.61 | OK | |||
r-devel-linux-x86_64-fedora-gcc | 1.0 | 24.69 | OK | |||
r-devel-windows-ix86+x86_64 | 1.0 | 4.00 | 38.00 | 42.00 | OK | |
r-patched-linux-x86_64 | 1.0 | 1.57 | 20.01 | 21.58 | NOTE | |
r-patched-solaris-x86 | 1.0 | 37.60 | OK | |||
r-release-linux-x86_64 | 1.0 | 1.30 | 19.47 | 20.77 | NOTE | |
r-release-windows-ix86+x86_64 | 1.0 | 5.00 | 28.00 | 33.00 | OK | |
r-release-osx-x86_64 | 1.0 | OK | ||||
r-oldrel-windows-ix86+x86_64 | 1.0 | 2.00 | 26.00 | 28.00 | OK | |
r-oldrel-osx-x86_64 | 1.0 | OK |
Version: 1.0
Check: DESCRIPTION meta-information
Result: NOTE
Dependence on R version ‘3.3.1’ not with patchlevel 0
Flavors: r-patched-linux-x86_64, r-release-linux-x86_64