CRAN Package Check Results for Package GSAgm

Last updated on 2018-06-20 01:50:16 CEST.

Flavor Version Tinstall Tcheck Ttotal Status Flags
r-devel-linux-x86_64-debian-clang 1.0 6.45 74.40 80.85 NOTE
r-devel-linux-x86_64-debian-gcc 1.0 5.34 58.39 63.73 NOTE
r-devel-linux-x86_64-fedora-clang 1.0 93.49 NOTE
r-devel-linux-x86_64-fedora-gcc 1.0 89.27 NOTE
r-devel-windows-ix86+x86_64 1.0 13.00 108.00 121.00 NOTE
r-patched-linux-x86_64 1.0 5.43 61.05 66.48 NOTE
r-patched-solaris-x86 1.0 120.40 NOTE
r-release-linux-x86_64 1.0 5.23 59.42 64.65 NOTE
r-release-windows-ix86+x86_64 1.0 9.00 94.00 103.00 NOTE
r-release-osx-x86_64 1.0 NOTE
r-oldrel-windows-ix86+x86_64 1.0 12.00 72.00 84.00 NOTE
r-oldrel-osx-x86_64 1.0 NOTE

Check Details

Version: 1.0
Check: R code for possible problems
Result: NOTE
    PCgamma : <anonymous>: no visible global function definition for
     ‘prcomp’
    PCgamma : <anonymous> : <anonymous>: no visible global function
     definition for ‘glm’
    PCgamma : <anonymous> : <anonymous>: no visible global function
     definition for ‘update’
    PCgamma : <anonymous> : <anonymous>: no visible global function
     definition for ‘pchisq’
    PCgamma : <anonymous> : <anonymous>: no visible global function
     definition for ‘lm’
    PCgamma : <anonymous> : <anonymous>: no visible global function
     definition for ‘anova’
    PCgamma: no visible global function definition for ‘qgamma’
    PCgamma: no visible global function definition for ‘pgamma’
    RNAgamma : rnafunc: no visible global function definition for
     ‘model.matrix’
    RNAgamma : rnafunc: no visible global function definition for
     ‘as.formula’
    RNAgamma: no visible global function definition for ‘qgamma’
    RNAgamma: no visible global function definition for ‘pgamma’
    STTtoShapeParameter : f: no visible global function definition for
     ‘qgamma’
    STTtoShapeParameter: no visible global function definition for
     ‘optimize’
    Undefined global functions or variables:
     anova as.formula glm lm model.matrix optimize pchisq pgamma prcomp
     qgamma update
    Consider adding
     importFrom("stats", "anova", "as.formula", "glm", "lm", "model.matrix",
     "optimize", "pchisq", "pgamma", "prcomp", "qgamma",
     "update")
    to your NAMESPACE file.
Flavors: r-devel-linux-x86_64-debian-clang, r-devel-linux-x86_64-debian-gcc, r-devel-linux-x86_64-fedora-clang, r-devel-linux-x86_64-fedora-gcc, r-devel-windows-ix86+x86_64, r-patched-linux-x86_64, r-patched-solaris-x86, r-release-linux-x86_64, r-release-windows-ix86+x86_64, r-release-osx-x86_64, r-oldrel-windows-ix86+x86_64, r-oldrel-osx-x86_64