CRAN Package Check Results for Package GetITRData

Last updated on 2018-06-20 01:50:16 CEST.

Flavor Version Tinstall Tcheck Ttotal Status Flags
r-devel-linux-x86_64-debian-clang 0.7 1.39 44.48 45.87 OK
r-devel-linux-x86_64-debian-gcc 0.7 1.58 34.61 36.19 OK
r-devel-linux-x86_64-fedora-clang 0.7 52.44 OK
r-devel-linux-x86_64-fedora-gcc 0.7 49.29 OK
r-devel-windows-ix86+x86_64 0.7 6.00 110.00 116.00 WARN
r-patched-linux-x86_64 0.7 1.28 42.50 43.78 OK
r-patched-solaris-x86 0.7 76.60 OK
r-release-linux-x86_64 0.7 1.63 42.02 43.65 OK
r-release-windows-ix86+x86_64 0.7 3.00 83.00 86.00 WARN
r-release-osx-x86_64 0.7 OK
r-oldrel-windows-ix86+x86_64 0.7 3.00 85.00 88.00 WARN
r-oldrel-osx-x86_64 0.7 OK

Check Details

Version: 0.7
Check: re-building of vignette outputs
Result: WARN
    Error in re-building vignettes:
     ...
    Quitting from lines 99-112 (gitrd-vignette-introduction.Rmd)
    Error: processing vignette 'gitrd-vignette-introduction.Rmd' failed with diagnostics:
    cannot open URL 'http://www.rad.cvm.gov.br/enetconsulta/frmDownloadDocumento.aspx?CodigoInstituicao=2&NumeroSequencialDocumento=5189'
    Execution halted
Flavors: r-devel-windows-ix86+x86_64, r-release-windows-ix86+x86_64, r-oldrel-windows-ix86+x86_64