CRAN Package Check Results for Package HBP

Last updated on 2018-06-20 01:50:17 CEST.

Flavor Version Tinstall Tcheck Ttotal Status Flags
r-devel-linux-x86_64-debian-clang 0.1.2 28.48 362.07 390.55 OK
r-devel-linux-x86_64-debian-gcc 0.1.2 31.80 289.23 321.03 OK
r-devel-linux-x86_64-fedora-clang 0.1.2 480.99 OK
r-devel-linux-x86_64-fedora-gcc 0.1.2 464.48 OK
r-devel-windows-ix86+x86_64 0.1.2 77.00 343.00 420.00 OK
r-patched-linux-x86_64 0.1.2 30.53 289.79 320.32 OK
r-patched-solaris-x86 0.1.2 574.40 OK
r-release-linux-x86_64 0.1.2 28.15 290.70 318.85 OK
r-release-windows-ix86+x86_64 0.1.2 48.00 410.00 458.00 OK
r-release-osx-x86_64 0.1.2 ERROR
r-oldrel-windows-ix86+x86_64 0.1.2 44.00 251.00 295.00 OK
r-oldrel-osx-x86_64 0.1.2 NOTE

Check Details

Version: 0.1.2
Check: package dependencies
Result: ERROR
    Packages required but not available: ‘rtracklayer’ ‘HiTC’
    
    Package suggested but not available for checking: ‘BSgenome.Hsapiens.UCSC.hg19’
    
    See section ‘The DESCRIPTION file’ in the ‘Writing R Extensions’
    manual.
Flavor: r-release-osx-x86_64

Version: 0.1.2
Check: package dependencies
Result: NOTE
    Package suggested but not available for checking: ‘BSgenome.Hsapiens.UCSC.hg19’
Flavor: r-oldrel-osx-x86_64