Last updated on 2018-06-20 01:50:17 CEST.
Flavor | Version | Tinstall | Tcheck | Ttotal | Status | Flags |
---|---|---|---|---|---|---|
r-devel-linux-x86_64-debian-clang | 0.1 | 7.03 | 76.87 | 83.90 | NOTE | |
r-devel-linux-x86_64-debian-gcc | 0.1 | 5.70 | 60.10 | 65.80 | NOTE | |
r-devel-linux-x86_64-fedora-clang | 0.1 | 97.62 | NOTE | |||
r-devel-linux-x86_64-fedora-gcc | 0.1 | 94.50 | NOTE | |||
r-devel-windows-ix86+x86_64 | 0.1 | 16.00 | 119.00 | 135.00 | OK | |
r-patched-linux-x86_64 | 0.1 | 6.06 | 67.11 | 73.17 | NOTE | |
r-patched-solaris-x86 | 0.1 | 146.30 | OK | |||
r-release-linux-x86_64 | 0.1 | 5.66 | 66.62 | 72.28 | NOTE | |
r-release-windows-ix86+x86_64 | 0.1 | 11.00 | 139.00 | 150.00 | OK | |
r-release-osx-x86_64 | 0.1 | OK | ||||
r-oldrel-windows-ix86+x86_64 | 0.1 | 12.00 | 107.00 | 119.00 | OK | |
r-oldrel-osx-x86_64 | 0.1 | OK |
Version: 0.1
Check: compiled code
Result: NOTE
File ‘HDtest/libs/HDtest.so’:
Found no calls to: ‘R_registerRoutines’, ‘R_useDynamicSymbols’
It is good practice to register native routines and to disable symbol
search.
See ‘Writing portable packages’ in the ‘Writing R Extensions’ manual.
Flavors: r-devel-linux-x86_64-debian-clang, r-devel-linux-x86_64-debian-gcc, r-devel-linux-x86_64-fedora-clang, r-devel-linux-x86_64-fedora-gcc, r-patched-linux-x86_64, r-release-linux-x86_64