CRAN Package Check Results for Package HSAUR3

Last updated on 2018-06-20 01:50:17 CEST.

Flavor Version Tinstall Tcheck Ttotal Status Flags
r-devel-linux-x86_64-debian-clang 1.0-9 3.44 171.55 174.99 OK
r-devel-linux-x86_64-debian-gcc 1.0-9 2.34 134.01 136.35 OK
r-devel-linux-x86_64-fedora-clang 1.0-9 226.87 NOTE
r-devel-linux-x86_64-fedora-gcc 1.0-9 222.58 OK
r-devel-windows-ix86+x86_64 1.0-9 10.00 70.00 80.00 OK --no-vignettes
r-patched-linux-x86_64 1.0-9 2.11 165.47 167.58 OK
r-patched-solaris-x86 1.0-9 314.60 NOTE
r-release-linux-x86_64 1.0-9 2.82 166.02 168.84 OK
r-release-windows-ix86+x86_64 1.0-9 8.00 68.00 76.00 OK --no-vignettes
r-release-osx-x86_64 1.0-9 OK
r-oldrel-windows-ix86+x86_64 1.0-9 14.00 54.00 68.00 OK --no-vignettes
r-oldrel-osx-x86_64 1.0-9 OK

Check Details

Version: 1.0-9
Check: installed package size
Result: NOTE
     installed size is 5.0Mb
     sub-directories of 1Mb or more:
     doc 3.7Mb
Flavors: r-devel-linux-x86_64-fedora-clang, r-patched-solaris-x86