Last updated on 2018-06-20 01:50:17 CEST.
Flavor | Version | Tinstall | Tcheck | Ttotal | Status | Flags |
---|---|---|---|---|---|---|
r-devel-linux-x86_64-debian-clang | 0.2 | 18.63 | 49.38 | 68.01 | NOTE | |
r-devel-linux-x86_64-debian-gcc | 0.2 | 11.31 | 38.23 | 49.54 | NOTE | |
r-devel-linux-x86_64-fedora-clang | 0.2 | 79.58 | NOTE | |||
r-devel-linux-x86_64-fedora-gcc | 0.2 | 75.01 | NOTE | |||
r-devel-windows-ix86+x86_64 | 0.2 | 31.00 | 74.00 | 105.00 | NOTE | |
r-patched-linux-x86_64 | 0.2 | 15.98 | 45.29 | 61.27 | NOTE | |
r-patched-solaris-x86 | 0.2 | 107.10 | NOTE | |||
r-release-linux-x86_64 | 0.2 | 19.37 | 44.79 | 64.16 | NOTE | |
r-release-windows-ix86+x86_64 | 0.2 | 32.00 | 53.00 | 85.00 | NOTE | |
r-release-osx-x86_64 | 0.2 | ERROR | ||||
r-oldrel-windows-ix86+x86_64 | 0.2 | 14.00 | 94.00 | 108.00 | NOTE | |
r-oldrel-osx-x86_64 | 0.2 | ERROR |
Version: 0.2
Check: R code for possible problems
Result: NOTE
calcPower: no visible global function definition for ‘pchisq’
calcPower: no visible global function definition for ‘qchisq’
delta2 : K1: no visible global function definition for ‘qnorm’
delta2: no visible global function definition for ‘qnorm’
delta2: no visible global function definition for ‘pnorm’
delta2: no visible global function definition for ‘dnorm’
Undefined global functions or variables:
dnorm pchisq pnorm qchisq qnorm
Consider adding
importFrom("stats", "dnorm", "pchisq", "pnorm", "qchisq", "qnorm")
to your NAMESPACE file.
Flavors: r-devel-linux-x86_64-debian-clang, r-devel-linux-x86_64-debian-gcc, r-devel-linux-x86_64-fedora-clang, r-devel-linux-x86_64-fedora-gcc, r-devel-windows-ix86+x86_64, r-patched-linux-x86_64, r-patched-solaris-x86, r-release-linux-x86_64, r-release-windows-ix86+x86_64, r-oldrel-windows-ix86+x86_64
Version: 0.2
Check: package dependencies
Result: NOTE
Package suggested but not available for checking: 'XMLRPC'
Flavors: r-devel-windows-ix86+x86_64, r-release-windows-ix86+x86_64, r-release-osx-x86_64, r-oldrel-osx-x86_64
Version: 0.2
Check: whether package can be installed
Result: ERROR
Installation failed.
Flavors: r-release-osx-x86_64, r-oldrel-osx-x86_64