CRAN Package Check Results for Package Interatrix

Last updated on 2018-06-20 01:50:18 CEST.

Flavor Version Tinstall Tcheck Ttotal Status Flags
r-devel-linux-x86_64-debian-clang 1.1.1 2.30 30.74 33.04 OK
r-devel-linux-x86_64-debian-gcc 1.1.1 1.92 24.28 26.20 OK
r-devel-linux-x86_64-fedora-clang 1.1.1 39.55 OK
r-devel-linux-x86_64-fedora-gcc 1.1.1 37.57 OK
r-devel-windows-ix86+x86_64 1.1.1 6.00 47.00 53.00 OK
r-patched-linux-x86_64 1.1.1 2.14 29.58 31.72 OK
r-patched-solaris-x86 1.1.1 59.70 OK
r-release-linux-x86_64 1.1.1 2.08 29.47 31.55 OK
r-release-windows-ix86+x86_64 1.1.1 4.00 76.00 80.00 OK
r-release-osx-x86_64 1.1.1 OK
r-oldrel-windows-ix86+x86_64 1.1.1 6.00 43.00 49.00 OK
r-oldrel-osx-x86_64 1.1.1 WARN

Check Details

Version: 1.1.1
Check: re-building of vignette outputs
Result: WARN
    Error in re-building vignettes:
     ...
    Error in texi2dvi(file = file, pdf = TRUE, clean = clean, quiet = quiet, :
     Running 'texi2dvi' on 'Interatrix.tex' failed.
    LaTeX errors:
    ! LaTeX Error: File `utf8x.def' not found.
    
    Type X to quit or <RETURN> to proceed,
    or enter new name. (Default extension: def)
    
    ! Emergency stop.
    <read *>
    
    l.158 \endinput
     ^^M
    ! ==> Fatal error occurred, no output PDF file produced!
    Calls: buildVignettes -> texi2pdf -> texi2dvi
    Execution halted
Flavor: r-oldrel-osx-x86_64