CRAN Package Check Results for Package LEANR

Last updated on 2018-06-20 01:50:19 CEST.

Flavor Version Tinstall Tcheck Ttotal Status Flags
r-devel-linux-x86_64-debian-clang 1.4.9 5.71 158.09 163.80 OK
r-devel-linux-x86_64-debian-gcc 1.4.9 6.05 122.58 128.63 OK
r-devel-linux-x86_64-fedora-clang 1.4.9 189.73 OK
r-devel-linux-x86_64-fedora-gcc 1.4.9 187.88 OK
r-devel-windows-ix86+x86_64 1.4.9 13.00 223.00 236.00 NOTE
r-patched-linux-x86_64 1.4.9 7.39 159.51 166.90 OK
r-patched-solaris-x86 1.4.9 231.90 OK
r-release-linux-x86_64 1.4.9 5.38 155.60 160.98 OK
r-release-windows-ix86+x86_64 1.4.9 11.00 170.00 181.00 NOTE
r-release-osx-x86_64 1.4.9 OK
r-oldrel-windows-ix86+x86_64 1.4.9 13.00 159.00 172.00 NOTE
r-oldrel-osx-x86_64 1.4.9 OK

Check Details

Version: 1.4.9
Check: package dependencies
Result: NOTE
    Package suggested but not available for checking: 'doMC'
Flavors: r-devel-windows-ix86+x86_64, r-release-windows-ix86+x86_64, r-oldrel-windows-ix86+x86_64