CRAN Package Check Results for Package LSDinterface

Last updated on 2018-06-20 01:50:20 CEST.

Flavor Version Tinstall Tcheck Ttotal Status Flags
r-devel-linux-x86_64-debian-clang 0.4.0 1.32 21.36 22.68 OK
r-devel-linux-x86_64-debian-gcc 0.4.0 1.29 16.60 17.89 OK
r-devel-linux-x86_64-fedora-clang 0.4.0 26.07 NOTE
r-devel-linux-x86_64-fedora-gcc 0.4.0 24.78 NOTE
r-devel-windows-ix86+x86_64 0.4.0 6.00 44.00 50.00 OK
r-patched-linux-x86_64 0.4.0 1.58 20.17 21.75 OK
r-patched-solaris-x86 0.4.0 37.00 NOTE
r-release-linux-x86_64 0.4.0 1.51 20.23 21.74 OK
r-release-windows-ix86+x86_64 0.4.0 5.00 33.00 38.00 OK
r-release-osx-x86_64 0.4.0 NOTE
r-oldrel-windows-ix86+x86_64 0.4.0 3.00 30.00 33.00 OK
r-oldrel-osx-x86_64 0.4.0 NOTE

Check Details

Version: 0.4.0
Check: dependencies in R code
Result: NOTE
    Namespace in Imports field not imported from: ‘utils’
     All declared Imports should be used.
Flavors: r-devel-linux-x86_64-fedora-clang, r-devel-linux-x86_64-fedora-gcc, r-patched-solaris-x86, r-release-osx-x86_64, r-oldrel-osx-x86_64