Last updated on 2018-06-20 01:50:20 CEST.
Flavor | Version | Tinstall | Tcheck | Ttotal | Status | Flags |
---|---|---|---|---|---|---|
r-devel-linux-x86_64-debian-clang | 1.4-3 | 431.38 | 108.33 | 539.71 | OK | |
r-devel-linux-x86_64-debian-gcc | 1.4-3 | 241.00 | 83.91 | 324.91 | OK | |
r-devel-linux-x86_64-fedora-clang | 1.4-3 | 765.55 | NOTE | |||
r-devel-linux-x86_64-fedora-gcc | 1.4-3 | 485.09 | OK | |||
r-devel-windows-ix86+x86_64 | 1.4-3 | 613.00 | 169.00 | 782.00 | NOTE | |
r-patched-linux-x86_64 | 1.4-3 | 276.25 | 96.81 | 373.06 | OK | |
r-patched-solaris-x86 | 1.4-3 | 464.30 | OK | |||
r-release-linux-x86_64 | 1.4-3 | 286.04 | 95.79 | 381.83 | OK | |
r-release-windows-ix86+x86_64 | 1.4-3 | 450.00 | 132.00 | 582.00 | NOTE | |
r-release-osx-x86_64 | 1.4-3 | NOTE | ||||
r-oldrel-windows-ix86+x86_64 | 1.4-3 | 491.00 | 136.00 | 627.00 | NOTE | |
r-oldrel-osx-x86_64 | 1.4-3 | NOTE |
Version: 1.4-3
Check: installed package size
Result: NOTE
installed size is 35.9Mb
sub-directories of 1Mb or more:
libs 34.8Mb
Flavors: r-devel-linux-x86_64-fedora-clang, r-devel-windows-ix86+x86_64, r-release-windows-ix86+x86_64, r-release-osx-x86_64, r-oldrel-windows-ix86+x86_64, r-oldrel-osx-x86_64