Last updated on 2018-06-20 01:50:21 CEST.
Flavor | Version | Tinstall | Tcheck | Ttotal | Status | Flags |
---|---|---|---|---|---|---|
r-devel-linux-x86_64-debian-clang | 0.9.1 | 2.26 | 759.27 | 761.53 | WARN | |
r-devel-linux-x86_64-debian-gcc | 0.9.1 | 1.71 | 636.57 | 638.28 | OK | |
r-devel-linux-x86_64-fedora-clang | 0.9.1 | 1182.45 | OK | |||
r-devel-linux-x86_64-fedora-gcc | 0.9.1 | 1170.49 | OK | |||
r-devel-windows-ix86+x86_64 | 0.9.1 | 6.00 | 1124.00 | 1130.00 | NOTE | |
r-patched-linux-x86_64 | 0.9.1 | 2.15 | 750.58 | 752.73 | WARN | |
r-patched-solaris-x86 | 0.9.1 | 2357.30 | WARN | |||
r-release-linux-x86_64 | 0.9.1 | 1.81 | 753.40 | 755.21 | WARN | |
r-release-windows-ix86+x86_64 | 0.9.1 | 5.00 | 875.00 | 880.00 | NOTE | |
r-release-osx-x86_64 | 0.9.1 | FAIL | ||||
r-oldrel-windows-ix86+x86_64 | 0.9.1 | 4.00 | 969.00 | 973.00 | NOTE | |
r-oldrel-osx-x86_64 | 0.9.1 | OK |
Version: 0.9.1
Check: re-building of vignette outputs
Result: WARN
Error in re-building vignettes:
...
Loading required package: Matrix
Loading required package: foreach
Loaded glmnet 2.0-16
Killed
Flavors: r-devel-linux-x86_64-debian-clang, r-patched-linux-x86_64, r-release-linux-x86_64
Version: 0.9.1
Check: package dependencies
Result: NOTE
Package suggested but not available for checking: 'doMC'
Flavors: r-devel-windows-ix86+x86_64, r-release-windows-ix86+x86_64, r-oldrel-windows-ix86+x86_64
Version: 0.9.1
Check: re-building of vignette outputs
Result: WARN
Error in re-building vignettes:
...
Warning in engine$weave(file, quiet = quiet, encoding = enc) :
Pandoc (>= 1.12.3) and/or pandoc-citeproc not available. Falling back to R Markdown v1.
Loading required package: Matrix
Loading required package: foreach
Loaded glmnet 2.0-16
Flavor: r-patched-solaris-x86
Version: 0.9.1
Check: re-building of vignette outputs
Result: WARN
Error in re-building vignettes:
...
Warning in engine$weave(file, quiet = quiet, encoding = enc) :
Pandoc (>= 1.12.3) and/or pandoc-citeproc not available. Falling back to R Markdown v1.
Loading required package: Matrix
Loading required package: foreach
Loaded glmnet 2.0-16
Execution halted
Flavor: r-release-osx-x86_64
Version: 0.9.1
Check: PDF version of manual
Result: FAIL
Flavor: r-release-osx-x86_64