Last updated on 2018-06-20 01:50:22 CEST.
Flavor | Version | Tinstall | Tcheck | Ttotal | Status | Flags |
---|---|---|---|---|---|---|
r-devel-linux-x86_64-debian-clang | 1.0 | 4.07 | 73.00 | 77.07 | OK | |
r-devel-linux-x86_64-debian-gcc | 1.0 | 4.25 | 57.25 | 61.50 | OK | |
r-devel-linux-x86_64-fedora-clang | 1.0 | 93.24 | OK | |||
r-devel-linux-x86_64-fedora-gcc | 1.0 | 90.19 | OK | |||
r-devel-windows-ix86+x86_64 | 1.0 | 12.00 | 85.00 | 97.00 | OK | |
r-patched-linux-x86_64 | 1.0 | 3.81 | 62.42 | 66.23 | OK | |
r-patched-solaris-x86 | 1.0 | 128.50 | OK | |||
r-release-linux-x86_64 | 1.0 | 4.93 | 62.76 | 67.69 | OK | |
r-release-windows-ix86+x86_64 | 1.0 | 6.00 | 115.00 | 121.00 | OK | |
r-release-osx-x86_64 | 1.0 | OK | ||||
r-oldrel-windows-ix86+x86_64 | 1.0 | 10.00 | 79.00 | 89.00 | OK | |
r-oldrel-osx-x86_64 | 1.0 | WARN |
Version: 1.0
Check: re-building of vignette outputs
Result: WARN
Error in re-building vignettes:
...
Error in texi2dvi(file = file, pdf = TRUE, clean = clean, quiet = quiet, :
Running 'texi2dvi' on 'vignette.tex' failed.
LaTeX errors:
! LaTeX Error: File `a4wide.sty' not found.
Type X to quit or <RETURN> to proceed,
or enter new name. (Default extension: sty)
! Emergency stop.
<read *>
l.4 ^^M
! ==> Fatal error occurred, no output PDF file produced!
Calls: buildVignettes -> texi2pdf -> texi2dvi
Execution halted
Flavor: r-oldrel-osx-x86_64