Last updated on 2018-06-20 01:50:22 CEST.
Flavor | Version | Tinstall | Tcheck | Ttotal | Status | Flags |
---|---|---|---|---|---|---|
r-devel-linux-x86_64-debian-clang | 0.2 | 5.18 | 52.90 | 58.08 | NOTE | |
r-devel-linux-x86_64-debian-gcc | 0.2 | 3.41 | 41.72 | 45.13 | NOTE | |
r-devel-linux-x86_64-fedora-clang | 0.2 | 67.79 | NOTE | |||
r-devel-linux-x86_64-fedora-gcc | 0.2 | 64.77 | NOTE | |||
r-devel-windows-ix86+x86_64 | 0.2 | 10.00 | 80.00 | 90.00 | NOTE | |
r-patched-linux-x86_64 | 0.2 | 4.07 | 44.57 | 48.64 | NOTE | |
r-patched-solaris-x86 | 0.2 | 92.30 | NOTE | |||
r-release-linux-x86_64 | 0.2 | 2.58 | 44.33 | 46.91 | NOTE | |
r-release-windows-ix86+x86_64 | 0.2 | 7.00 | 78.00 | 85.00 | NOTE | |
r-release-osx-x86_64 | 0.2 | NOTE | ||||
r-oldrel-windows-ix86+x86_64 | 0.2 | 9.00 | 54.00 | 63.00 | NOTE | |
r-oldrel-osx-x86_64 | 0.2 | NOTE |
Version: 0.2
Check: DESCRIPTION meta-information
Result: NOTE
Malformed Title field: should not end in a period.
Flavors: r-devel-linux-x86_64-debian-clang, r-devel-linux-x86_64-debian-gcc, r-devel-linux-x86_64-fedora-clang, r-devel-linux-x86_64-fedora-gcc, r-devel-windows-ix86+x86_64, r-patched-linux-x86_64, r-patched-solaris-x86, r-release-linux-x86_64, r-release-windows-ix86+x86_64, r-release-osx-x86_64, r-oldrel-windows-ix86+x86_64, r-oldrel-osx-x86_64
Version: 0.2
Check: dependencies in R code
Result: NOTE
Packages in Depends field not imported from:
‘mvtnorm’ ‘survival’
These packages need to be imported from (in the NAMESPACE file)
for when this namespace is loaded but not attached.
Flavors: r-devel-linux-x86_64-debian-clang, r-devel-linux-x86_64-debian-gcc, r-devel-linux-x86_64-fedora-clang, r-devel-linux-x86_64-fedora-gcc, r-devel-windows-ix86+x86_64, r-patched-linux-x86_64, r-patched-solaris-x86, r-release-linux-x86_64, r-release-windows-ix86+x86_64, r-release-osx-x86_64, r-oldrel-windows-ix86+x86_64, r-oldrel-osx-x86_64
Version: 0.2
Check: R code for possible problems
Result: NOTE
MRsurvival: no visible global function definition for ‘rmvnorm’
MRsurvival: no visible global function definition for ‘optim’
MRsurvival : <anonymous>: no visible global function definition for
‘quantile’
Undefined global functions or variables:
optim quantile rmvnorm
Consider adding
importFrom("stats", "optim", "quantile")
to your NAMESPACE file.
Flavors: r-devel-linux-x86_64-debian-clang, r-devel-linux-x86_64-debian-gcc, r-devel-linux-x86_64-fedora-clang, r-devel-linux-x86_64-fedora-gcc, r-devel-windows-ix86+x86_64, r-patched-linux-x86_64, r-patched-solaris-x86, r-release-linux-x86_64, r-release-windows-ix86+x86_64, r-release-osx-x86_64, r-oldrel-windows-ix86+x86_64, r-oldrel-osx-x86_64