CRAN Package Check Results for Package OceanView

Last updated on 2018-06-20 01:50:24 CEST.

Flavor Version Tinstall Tcheck Ttotal Status Flags
r-devel-linux-x86_64-debian-clang 1.0.4 7.23 88.13 95.36 NOTE
r-devel-linux-x86_64-debian-gcc 1.0.4 6.78 68.03 74.81 NOTE
r-devel-linux-x86_64-fedora-clang 1.0.4 113.43 NOTE
r-devel-linux-x86_64-fedora-gcc 1.0.4 109.50 NOTE
r-devel-windows-ix86+x86_64 1.0.4 21.00 157.00 178.00 OK
r-patched-linux-x86_64 1.0.4 6.93 85.20 92.13 NOTE
r-patched-solaris-x86 1.0.4 144.50 OK
r-release-linux-x86_64 1.0.4 8.34 85.59 93.93 NOTE
r-release-windows-ix86+x86_64 1.0.4 14.00 207.00 221.00 OK
r-release-osx-x86_64 1.0.4 OK
r-oldrel-windows-ix86+x86_64 1.0.4 11.00 163.00 174.00 OK
r-oldrel-osx-x86_64 1.0.4 OK

Check Details

Version: 1.0.4
Check: compiled code
Result: NOTE
    File ‘OceanView/libs/OceanView.so’:
     Found no calls to: ‘R_registerRoutines’, ‘R_useDynamicSymbols’
    
    It is good practice to register native routines and to disable symbol
    search.
    
    See ‘Writing portable packages’ in the ‘Writing R Extensions’ manual.
Flavors: r-devel-linux-x86_64-debian-clang, r-devel-linux-x86_64-debian-gcc, r-devel-linux-x86_64-fedora-clang, r-devel-linux-x86_64-fedora-gcc, r-patched-linux-x86_64, r-release-linux-x86_64