CRAN Package Check Results for Package PBD

Last updated on 2018-06-20 01:50:25 CEST.

Flavor Version Tinstall Tcheck Ttotal Status Flags
r-devel-linux-x86_64-debian-clang 1.4 2.69 95.98 98.67 OK
r-devel-linux-x86_64-debian-gcc 1.4 2.09 67.32 69.41 OK
r-devel-linux-x86_64-fedora-clang 1.4 110.79 NOTE
r-devel-linux-x86_64-fedora-gcc 1.4 104.10 NOTE
r-devel-windows-ix86+x86_64 1.4 7.00 134.00 141.00 OK
r-patched-linux-x86_64 1.4 2.06 94.67 96.73 OK
r-patched-solaris-x86 1.4 130.60 NOTE
r-release-linux-x86_64 1.4 3.24 88.92 92.16 OK
r-release-windows-ix86+x86_64 1.4 5.00 89.00 94.00 OK
r-release-osx-x86_64 1.4 NOTE
r-oldrel-windows-ix86+x86_64 1.4 3.00 93.00 96.00 OK
r-oldrel-osx-x86_64 1.4 NOTE

Check Details

Version: 1.4
Check: dependencies in R code
Result: NOTE
    Namespace in Imports field not imported from: ‘ade4’
     All declared Imports should be used.
Flavors: r-devel-linux-x86_64-fedora-clang, r-devel-linux-x86_64-fedora-gcc, r-patched-solaris-x86, r-release-osx-x86_64, r-oldrel-osx-x86_64