CRAN Package Check Results for Package PPtreeViz

Last updated on 2018-06-20 01:50:26 CEST.

Flavor Version Tinstall Tcheck Ttotal Status Flags
r-devel-linux-x86_64-debian-clang 2.0.3 28.01 76.07 104.08 OK
r-devel-linux-x86_64-debian-gcc 2.0.3 25.45 59.44 84.89 OK
r-devel-linux-x86_64-fedora-clang 2.0.3 129.73 NOTE
r-devel-linux-x86_64-fedora-gcc 2.0.3 123.71 NOTE
r-devel-windows-ix86+x86_64 2.0.3 82.00 163.00 245.00 OK
r-patched-linux-x86_64 2.0.3 32.92 64.64 97.56 OK
r-patched-solaris-x86 2.0.3 149.30 NOTE
r-release-linux-x86_64 2.0.3 32.81 65.86 98.67 OK
r-release-windows-ix86+x86_64 2.0.3 57.00 101.00 158.00 OK
r-release-osx-x86_64 2.0.3 NOTE
r-oldrel-windows-ix86+x86_64 2.0.3 54.00 110.00 164.00 OK
r-oldrel-osx-x86_64 2.0.3 NOTE

Check Details

Version: 2.0.3
Check: dependencies in R code
Result: NOTE
    Namespace in Imports field not imported from: ‘Rcpp’
     All declared Imports should be used.
Flavors: r-devel-linux-x86_64-fedora-clang, r-devel-linux-x86_64-fedora-gcc, r-patched-solaris-x86, r-release-osx-x86_64, r-oldrel-osx-x86_64