Last updated on 2018-06-20 01:50:27 CEST.
Flavor | Version | Tinstall | Tcheck | Ttotal | Status | Flags |
---|---|---|---|---|---|---|
r-devel-linux-x86_64-debian-clang | 1.3 | 1.71 | 29.14 | 30.85 | WARN | |
r-devel-linux-x86_64-debian-gcc | 1.3.1 | 1.27 | 22.00 | 23.27 | OK | |
r-devel-linux-x86_64-fedora-clang | 1.3.1 | 32.67 | OK | |||
r-devel-linux-x86_64-fedora-gcc | 1.3.1 | 29.86 | OK | |||
r-devel-windows-ix86+x86_64 | 1.3 | 4.00 | 42.00 | 46.00 | OK | |
r-patched-linux-x86_64 | 1.3.1 | 1.37 | 26.39 | 27.76 | OK | |
r-patched-solaris-x86 | 1.3.1 | 48.50 | OK | |||
r-release-linux-x86_64 | 1.3 | 1.74 | 25.90 | 27.64 | OK | |
r-release-windows-ix86+x86_64 | 1.3 | 3.00 | 72.00 | 75.00 | OK | |
r-release-osx-x86_64 | 1.3 | OK | ||||
r-oldrel-windows-ix86+x86_64 | 1.3 | 4.00 | 44.00 | 48.00 | OK | |
r-oldrel-osx-x86_64 | 1.3 | OK |
Version: 1.3
Check: for unstated dependencies in ‘tests’
Result: WARN
'library' or 'require' call not declared from: ‘ROCR’
Flavor: r-devel-linux-x86_64-debian-clang