CRAN Package Check Results for Package PSF

Last updated on 2018-06-20 01:50:27 CEST.

Flavor Version Tinstall Tcheck Ttotal Status Flags
r-devel-linux-x86_64-debian-clang 0.4 1.53 44.83 46.36 OK
r-devel-linux-x86_64-debian-gcc 0.4 1.17 34.48 35.65 OK
r-devel-linux-x86_64-fedora-clang 0.4 54.16 NOTE
r-devel-linux-x86_64-fedora-gcc 0.4 50.45 NOTE
r-devel-windows-ix86+x86_64 0.4 4.00 73.00 77.00 OK
r-patched-linux-x86_64 0.4 1.33 41.56 42.89 OK
r-patched-solaris-x86 0.4 73.10 NOTE
r-release-linux-x86_64 0.4 1.29 42.30 43.59 OK
r-release-windows-ix86+x86_64 0.4 4.00 51.00 55.00 OK
r-release-osx-x86_64 0.4 NOTE
r-oldrel-windows-ix86+x86_64 0.4 3.00 53.00 56.00 OK
r-oldrel-osx-x86_64 0.4 NOTE

Check Details

Version: 0.4
Check: dependencies in R code
Result: NOTE
    Namespaces in Imports field not imported from:
     ‘forecast’ ‘knitr’
     All declared Imports should be used.
Flavors: r-devel-linux-x86_64-fedora-clang, r-devel-linux-x86_64-fedora-gcc, r-patched-solaris-x86, r-release-osx-x86_64, r-oldrel-osx-x86_64