Last updated on 2018-06-20 01:50:29 CEST.
Flavor | Version | Tinstall | Tcheck | Ttotal | Status | Flags |
---|---|---|---|---|---|---|
r-devel-windows-ix86+x86_64 | 0.2.1 | 9.00 | 52.00 | 61.00 | OK | |
r-release-windows-ix86+x86_64 | 0.2.1 | 5.00 | 43.00 | 48.00 | OK | |
r-release-osx-x86_64 | 0.2.1 | NOTE | ||||
r-oldrel-windows-ix86+x86_64 | 0.2.1 | 5.00 | 42.00 | 47.00 | OK | |
r-oldrel-osx-x86_64 | 0.2.0 | NOTE |
Version: 0.2.1
Check: dependencies in R code
Result: NOTE
Namespaces in Imports field not imported from:
‘httr’ ‘magrittr’ ‘rmarkdown’ ‘shiny’
All declared Imports should be used.
Flavor: r-release-osx-x86_64
Version: 0.2.0
Check: dependencies in R code
Result: NOTE
Namespaces in Imports field not imported from:
‘httr’ ‘rmarkdown’ ‘shiny’
All declared Imports should be used.
Flavor: r-oldrel-osx-x86_64