Last updated on 2018-06-20 01:50:30 CEST.
Flavor | Version | Tinstall | Tcheck | Ttotal | Status | Flags |
---|---|---|---|---|---|---|
r-devel-linux-x86_64-debian-clang | 2.1.1 | 11.83 | 234.80 | 246.63 | OK | |
r-devel-linux-x86_64-debian-gcc | 2.1.1 | 11.50 | 180.92 | 192.42 | OK | |
r-devel-linux-x86_64-fedora-clang | 2.1.1 | 282.42 | OK | |||
r-devel-linux-x86_64-fedora-gcc | 2.1.1 | 272.43 | OK | |||
r-devel-windows-ix86+x86_64 | 2.1.1 | 28.00 | 498.00 | 526.00 | OK | |
r-patched-linux-x86_64 | 2.1.1 | 11.77 | 191.31 | 203.08 | OK | |
r-patched-solaris-x86 | 2.1.1 | 261.00 | NOTE | |||
r-release-linux-x86_64 | 2.1.1 | 10.88 | 191.96 | 202.84 | OK | |
r-release-windows-ix86+x86_64 | 2.1.1 | 20.00 | 385.00 | 405.00 | OK | |
r-release-osx-x86_64 | 2.1.1 | OK | ||||
r-oldrel-windows-ix86+x86_64 | 2.1.1 | 10.00 | 367.00 | 377.00 | OK | |
r-oldrel-osx-x86_64 | 2.1.1 | OK |
Version: 2.1.1
Check: package dependencies
Result: NOTE
Package suggested but not available for checking: ‘rdflib’
Flavor: r-patched-solaris-x86