Last updated on 2018-06-20 01:50:30 CEST.
Flavor | Version | Tinstall | Tcheck | Ttotal | Status | Flags |
---|---|---|---|---|---|---|
r-devel-linux-x86_64-debian-clang | 1.9-1 | 6.23 | 23.30 | 29.53 | OK | |
r-devel-linux-x86_64-debian-gcc | 1.9-1 | 4.69 | 18.39 | 23.08 | OK | |
r-devel-linux-x86_64-fedora-clang | 1.9-1 | 33.91 | OK | |||
r-devel-linux-x86_64-fedora-gcc | 1.9-1 | 32.65 | OK | |||
r-devel-windows-ix86+x86_64 | 1.9-1 | 26.00 | 92.00 | 118.00 | NOTE | |
r-patched-linux-x86_64 | 1.9-1 | 4.70 | 22.15 | 26.85 | OK | |
r-patched-solaris-x86 | 1.9-1 | 47.20 | OK | |||
r-release-linux-x86_64 | 1.9-1 | 5.15 | 22.01 | 27.16 | OK | |
r-release-windows-ix86+x86_64 | 1.9-1 | 28.00 | 72.00 | 100.00 | NOTE | |
r-release-osx-x86_64 | 1.9-1 | NOTE | ||||
r-oldrel-windows-ix86+x86_64 | 1.9-1 | 21.00 | 81.00 | 102.00 | NOTE | |
r-oldrel-osx-x86_64 | 1.9-1 | NOTE |
Version: 1.9-1
Check: installed package size
Result: NOTE
installed size is 9.3Mb
sub-directories of 1Mb or more:
libs 8.9Mb
Flavors: r-devel-windows-ix86+x86_64, r-release-windows-ix86+x86_64, r-release-osx-x86_64, r-oldrel-windows-ix86+x86_64, r-oldrel-osx-x86_64