Last updated on 2018-06-20 01:50:30 CEST.
Flavor | Version | Tinstall | Tcheck | Ttotal | Status | Flags |
---|---|---|---|---|---|---|
r-devel-linux-x86_64-debian-clang | 0.4.4 | 599.82 | 105.19 | 705.01 | OK | |
r-devel-linux-x86_64-debian-gcc | 0.4.4 | 730.35 | 93.22 | 823.57 | OK | |
r-patched-linux-x86_64 | 0.4.4 | 856.29 | 121.28 | 977.57 | OK | |
r-release-linux-x86_64 | 0.4.4 | 865.33 | 121.19 | 986.52 | OK | |
r-release-osx-x86_64 | 0.4.4 | ERROR | ||||
r-oldrel-windows-ix86+x86_64 | 0.4.2 | 1781.00 | 76.00 | 1857.00 | WARN | |
r-oldrel-osx-x86_64 | 0.4.4 | ERROR |
Version: 0.4.4
Check: whether package can be installed
Result: ERROR
Installation failed.
Flavors: r-release-osx-x86_64, r-oldrel-osx-x86_64
Version: 0.4.2
Check: whether package can be installed
Result: WARN
Found the following significant warnings:
d:/RCompile/CRANpkg/extralibs330/quantlib/ql/experimental/credit/randomdefaultlatentmodel.hpp:824:13: warning: this decimal constant is unsigned only in ISO C90
d:/RCompile/CRANpkg/extralibs330/quantlib/ql/experimental/credit/randomdefaultlatentmodel.hpp:842:13: warning: this decimal constant is unsigned only in ISO C90
d:/RCompile/CRANpkg/extralibs330/quantlib/ql/experimental/credit/randomlosslatentmodel.hpp:84:13: warning: this decimal constant is unsigned only in ISO C90
d:/Rcompile/CRANpkg/extralibs330/quantlib/ql/experimental/credit/randomdefaultlatentmodel.hpp:824:13: warning: this decimal constant is unsigned only in ISO C90
d:/Rcompile/CRANpkg/extralibs330/quantlib/ql/experimental/credit/randomdefaultlatentmodel.hpp:842:13: warning: this decimal constant is unsigned only in ISO C90
d:/Rcompile/CRANpkg/extralibs330/quantlib/ql/experimental/credit/randomlosslatentmodel.hpp:84:13: warning: this decimal constant is unsigned only in ISO C90
Flavor: r-oldrel-windows-ix86+x86_64
Version: 0.4.2
Check: installed package size
Result: NOTE
installed size is 23.2Mb
sub-directories of 1Mb or more:
libs 22.8Mb
Flavor: r-oldrel-windows-ix86+x86_64