CRAN Package Check Results for Package RtutoR

Last updated on 2018-06-20 01:50:31 CEST.

Flavor Version Tinstall Tcheck Ttotal Status Flags
r-devel-linux-x86_64-debian-clang 1.1 11.56 112.97 124.53 OK
r-devel-linux-x86_64-debian-gcc 1.1 9.01 87.63 96.64 OK
r-devel-linux-x86_64-fedora-clang 1.1 143.30 NOTE
r-devel-linux-x86_64-fedora-gcc 1.1 137.42 NOTE
r-devel-windows-ix86+x86_64 1.1 23.00 102.00 125.00 OK
r-patched-linux-x86_64 1.1 10.58 105.05 115.63 OK
r-patched-solaris-x86 1.1 3.30 ERROR
r-release-linux-x86_64 1.1 9.19 104.48 113.67 OK
r-release-windows-ix86+x86_64 1.1 15.00 100.00 115.00 OK
r-release-osx-x86_64 1.1 NOTE
r-oldrel-windows-ix86+x86_64 1.1 14.00 98.00 112.00 OK
r-oldrel-osx-x86_64 1.1 NOTE

Check Details

Version: 1.1
Check: dependencies in R code
Result: NOTE
    Namespaces in Imports field not imported from:
     ‘DT’ ‘rmarkdown’
     All declared Imports should be used.
Flavors: r-devel-linux-x86_64-fedora-clang, r-devel-linux-x86_64-fedora-gcc, r-release-osx-x86_64, r-oldrel-osx-x86_64

Version: 1.1
Check: package dependencies
Result: ERROR
    Package required but not available: ‘FSelector’
    
    See section ‘The DESCRIPTION file’ in the ‘Writing R Extensions’
    manual.
Flavor: r-patched-solaris-x86