Last updated on 2018-06-20 01:50:37 CEST.
Flavor | Version | Tinstall | Tcheck | Ttotal | Status | Flags |
---|---|---|---|---|---|---|
r-devel-linux-x86_64-debian-clang | 0.3.15 | 16.90 | 140.56 | 157.46 | OK | |
r-devel-linux-x86_64-debian-gcc | 0.3.15 | 15.94 | 114.83 | 130.77 | OK | |
r-devel-linux-x86_64-fedora-clang | 0.3.15 | 189.70 | NOTE | |||
r-devel-linux-x86_64-fedora-gcc | 0.3.15 | 181.91 | NOTE | |||
r-devel-windows-ix86+x86_64 | 0.3.15 | 44.00 | 168.00 | 212.00 | OK | |
r-patched-linux-x86_64 | 0.3.15 | 15.01 | 127.45 | 142.46 | OK | |
r-patched-solaris-x86 | 0.3.15 | 298.00 | NOTE | |||
r-release-linux-x86_64 | 0.3.15 | 15.09 | 125.65 | 140.74 | OK | |
r-release-windows-ix86+x86_64 | 0.3.15 | 28.00 | 146.00 | 174.00 | OK | |
r-release-osx-x86_64 | 0.3.15 | NOTE | ||||
r-oldrel-windows-ix86+x86_64 | 0.3.15 | 29.00 | 165.00 | 194.00 | OK | |
r-oldrel-osx-x86_64 | 0.3.14 | NOTE |
Version: 0.3.15
Check: dependencies in R code
Result: NOTE
Namespace in Imports field not imported from: ‘rgeos’
All declared Imports should be used.
Flavors: r-devel-linux-x86_64-fedora-clang, r-devel-linux-x86_64-fedora-gcc, r-patched-solaris-x86, r-release-osx-x86_64
Version: 0.3.14
Check: dependencies in R code
Result: NOTE
Namespace in Imports field not imported from: ‘rgeos’
All declared Imports should be used.
Flavor: r-oldrel-osx-x86_64