Last updated on 2018-06-20 01:50:34 CEST.
Flavor | Version | Tinstall | Tcheck | Ttotal | Status | Flags |
---|---|---|---|---|---|---|
r-devel-linux-x86_64-debian-clang | 1.1.0 | 3.60 | 54.06 | 57.66 | OK | |
r-devel-linux-x86_64-debian-gcc | 1.1.0 | 2.59 | 0.02 | 2.61 | FAIL | |
r-devel-linux-x86_64-fedora-clang | 1.1.0 | 69.08 | OK | |||
r-devel-linux-x86_64-fedora-gcc | 1.1.0 | 65.73 | OK | |||
r-devel-windows-ix86+x86_64 | 1.1.0 | 7.00 | 67.00 | 74.00 | OK | |
r-patched-linux-x86_64 | 1.1.0 | 3.28 | 49.90 | 53.18 | OK | |
r-patched-solaris-x86 | 1.1.0 | 86.70 | OK | |||
r-release-linux-x86_64 | 1.1.0 | 3.27 | 49.85 | 53.12 | OK | |
r-release-windows-ix86+x86_64 | 1.1.0 | 5.00 | 103.00 | 108.00 | OK | |
r-release-osx-x86_64 | 1.1.0 | OK | ||||
r-oldrel-windows-ix86+x86_64 | 1.1.0 | 5.00 | 71.00 | 76.00 | OK | |
r-oldrel-osx-x86_64 | 1.1.0 | WARN |
Version: 1.1.0
Check: examples
Result: FAIL
Flavor: r-devel-linux-x86_64-debian-gcc
Version: 1.1.0
Check: re-building of vignette outputs
Result: WARN
Error in re-building vignettes:
...
Error: processing vignette 'vignette.ltx' failed with diagnostics:
Running 'texi2dvi' on 'vignette.ltx' failed.
LaTeX errors:
! LaTeX Error: File `beramono.sty' not found.
Type X to quit or <RETURN> to proceed,
or enter new name. (Default extension: sty)
! Emergency stop.
<read *>
l.7 \usepackage
[T1]{fontenc}^^M
! ==> Fatal error occurred, no output PDF file produced!
Execution halted
Flavor: r-oldrel-osx-x86_64