Last updated on 2018-06-20 01:50:34 CEST.
Flavor | Version | Tinstall | Tcheck | Ttotal | Status | Flags |
---|---|---|---|---|---|---|
r-devel-linux-x86_64-debian-clang | 1.2.7 | 9.62 | 96.23 | 105.85 | OK | |
r-devel-linux-x86_64-debian-gcc | 1.2.7 | 7.90 | 74.40 | 82.30 | OK | |
r-devel-linux-x86_64-fedora-clang | 1.2.7 | 120.18 | NOTE | |||
r-devel-linux-x86_64-fedora-gcc | 1.2.7 | 115.97 | NOTE | |||
r-devel-windows-ix86+x86_64 | 1.2.7 | 32.00 | 149.00 | 181.00 | OK | |
r-patched-linux-x86_64 | 1.2.7 | 8.31 | 82.14 | 90.45 | OK | |
r-patched-solaris-x86 | 1.2.7 | 167.40 | NOTE | |||
r-release-linux-x86_64 | 1.2.7 | 7.47 | 81.04 | 88.51 | OK | |
r-release-windows-ix86+x86_64 | 1.2.7 | 14.00 | 86.00 | 100.00 | OK | |
r-release-osx-x86_64 | 1.2.7 | NOTE | ||||
r-oldrel-windows-ix86+x86_64 | 1.2.7 | 16.00 | 93.00 | 109.00 | OK | |
r-oldrel-osx-x86_64 | 1.2.7 | NOTE |
Version: 1.2.7
Check: dependencies in R code
Result: NOTE
Namespaces in Imports field not imported from:
‘DT’ ‘data.table’ ‘gridExtra’ ‘knitr’ ‘latticeExtra’ ‘msm’ ‘plotly’
‘shinyBS’ ‘xtable’
All declared Imports should be used.
Flavors: r-devel-linux-x86_64-fedora-clang, r-devel-linux-x86_64-fedora-gcc, r-patched-solaris-x86, r-release-osx-x86_64, r-oldrel-osx-x86_64