Last updated on 2018-06-20 01:50:34 CEST.
Flavor | Version | Tinstall | Tcheck | Ttotal | Status | Flags |
---|---|---|---|---|---|---|
r-devel-linux-x86_64-debian-clang | 1.0.0 | 2.98 | 41.78 | 44.76 | OK | |
r-devel-linux-x86_64-debian-gcc | 1.0.0 | 2.76 | 32.47 | 35.23 | OK | |
r-devel-linux-x86_64-fedora-clang | 1.0.0 | 51.90 | NOTE | |||
r-devel-linux-x86_64-fedora-gcc | 1.0.0 | 49.47 | NOTE | |||
r-devel-windows-ix86+x86_64 | 1.0.0 | 14.00 | 74.00 | 88.00 | OK | |
r-patched-linux-x86_64 | 1.0.0 | 2.71 | 37.56 | 40.27 | OK | |
r-patched-solaris-x86 | 1.0.0 | 77.00 | NOTE | |||
r-release-linux-x86_64 | 1.0.0 | 2.94 | 37.70 | 40.64 | OK | |
r-release-windows-ix86+x86_64 | 1.0.0 | 7.00 | 75.00 | 82.00 | OK | |
r-release-osx-x86_64 | 1.0.0 | NOTE | ||||
r-oldrel-windows-ix86+x86_64 | 1.0.0 | 7.00 | 51.00 | 58.00 | OK | |
r-oldrel-osx-x86_64 | 1.0.0 | NOTE |
Version: 1.0.0
Check: dependencies in R code
Result: NOTE
Namespace in Imports field not imported from: ‘metafor’
All declared Imports should be used.
Flavors: r-devel-linux-x86_64-fedora-clang, r-devel-linux-x86_64-fedora-gcc, r-patched-solaris-x86, r-release-osx-x86_64, r-oldrel-osx-x86_64