CRAN Package Check Results for Package Sleuth3

Last updated on 2018-06-20 01:50:35 CEST.

Flavor Version Tinstall Tcheck Ttotal Status Flags
r-devel-linux-x86_64-debian-clang 1.0-2 4.11 195.48 199.59 OK
r-devel-linux-x86_64-debian-gcc 1.0-2 3.57 151.35 154.92 OK
r-devel-linux-x86_64-fedora-clang 1.0-2 249.39 OK
r-devel-linux-x86_64-fedora-gcc 1.0-2 244.89 OK
r-devel-windows-ix86+x86_64 1.0-2 17.00 362.00 379.00 OK
r-patched-linux-x86_64 1.0-2 3.97 195.09 199.06 OK
r-patched-solaris-x86 1.0-2 287.80 NOTE
r-release-linux-x86_64 1.0-2 4.31 193.57 197.88 OK
r-release-windows-ix86+x86_64 1.0-2 10.00 261.00 271.00 OK
r-release-osx-x86_64 1.0-2 OK
r-oldrel-windows-ix86+x86_64 1.0-2 17.00 273.00 290.00 OK
r-oldrel-osx-x86_64 1.0-2 WARN

Check Details

Version: 1.0-2
Check: installed package size
Result: NOTE
     installed size is 5.7Mb
     sub-directories of 1Mb or more:
     doc 4.2Mb
Flavor: r-patched-solaris-x86

Version: 1.0-2
Check: re-building of vignette outputs
Result: WARN
    Error in re-building vignettes:
     ...
    
     D, IQR, binom.test, cor, cov, fivenum, median, prop.test,
     quantile, sd, t.test, var
    
    The following objects are masked from 'package:base':
    
     max, mean, min, prod, range, sample, sum
    
    Loading required package: Sleuth3
    Error in texi2dvi(file = file, pdf = TRUE, clean = clean, quiet = quiet, :
     Running 'texi2dvi' on 'chapter01-HortonMosaic.tex' failed.
    LaTeX errors:
    ! LaTeX Error: File `xstring.sty' not found.
    
    Type X to quit or <RETURN> to proceed,
    or enter new name. (Default extension: sty)
    
    ! Emergency stop.
    <read *>
    
    l.4 \RequirePackage
     {xcolor}^^M
    ! ==> Fatal error occurred, no output PDF file produced!
    Calls: buildVignettes -> texi2pdf -> texi2dvi
    Execution halted
Flavor: r-oldrel-osx-x86_64