Last updated on 2018-06-20 01:50:36 CEST.
Flavor | Version | Tinstall | Tcheck | Ttotal | Status | Flags |
---|---|---|---|---|---|---|
r-devel-linux-x86_64-debian-clang | 1.0-8 | 6.11 | 71.45 | 77.56 | OK | |
r-devel-linux-x86_64-debian-gcc | 1.0-8 | 4.53 | 54.10 | 58.63 | OK | |
r-devel-linux-x86_64-fedora-clang | 1.0-8 | 89.74 | OK | |||
r-devel-linux-x86_64-fedora-gcc | 1.0-8 | 85.18 | OK | |||
r-devel-windows-ix86+x86_64 | 1.0-8 | 12.00 | 73.00 | 85.00 | OK | |
r-patched-linux-x86_64 | 1.0-8 | 4.21 | 62.48 | 66.69 | OK | |
r-patched-solaris-x86 | 1.0-8 | 123.00 | OK | |||
r-release-linux-x86_64 | 1.0-8 | 5.39 | 62.33 | 67.72 | OK | |
r-release-windows-ix86+x86_64 | 1.0-8 | 7.00 | 91.00 | 98.00 | OK | |
r-release-osx-x86_64 | 1.0-8 | OK | ||||
r-oldrel-windows-ix86+x86_64 | 1.0-8 | 6.00 | 74.00 | 80.00 | OK | |
r-oldrel-osx-x86_64 | 1.0-8 | OK |
Version: 1.0-8
Check: examples
Result: FAIL
Flavor: r-oldrel-osx-x86_64