CRAN Package Check Results for Package SpaCCr

Last updated on 2018-06-20 01:50:35 CEST.

Flavor Version Tinstall Tcheck Ttotal Status Flags
r-devel-linux-x86_64-debian-clang 0.1.0 24.16 59.98 84.14 NOTE
r-devel-linux-x86_64-debian-gcc 0.1.0 20.86 45.87 66.73 NOTE
r-devel-linux-x86_64-fedora-clang 0.1.0 107.07 NOTE
r-devel-linux-x86_64-fedora-gcc 0.1.0 98.77 NOTE
r-devel-windows-ix86+x86_64 0.1.0 70.00 112.00 182.00 OK
r-patched-linux-x86_64 0.1.0 25.48 55.49 80.97 NOTE
r-patched-solaris-x86 0.1.0 121.50 OK
r-release-linux-x86_64 0.1.0 25.31 54.55 79.86 NOTE
r-release-windows-ix86+x86_64 0.1.0 50.00 151.00 201.00 OK
r-release-osx-x86_64 0.1.0 OK
r-oldrel-windows-ix86+x86_64 0.1.0 48.00 96.00 144.00 OK
r-oldrel-osx-x86_64 0.1.0 OK

Check Details

Version: 0.1.0
Check: compiled code
Result: NOTE
    File ‘SpaCCr/libs/SpaCCr.so’:
     Found no calls to: ‘R_registerRoutines’, ‘R_useDynamicSymbols’
    
    It is good practice to register native routines and to disable symbol
    search.
    
    See ‘Writing portable packages’ in the ‘Writing R Extensions’ manual.
Flavors: r-devel-linux-x86_64-debian-clang, r-devel-linux-x86_64-debian-gcc, r-devel-linux-x86_64-fedora-clang, r-devel-linux-x86_64-fedora-gcc, r-patched-linux-x86_64, r-release-linux-x86_64