Last updated on 2018-06-20 01:50:36 CEST.
Flavor | Version | Tinstall | Tcheck | Ttotal | Status | Flags |
---|---|---|---|---|---|---|
r-devel-linux-x86_64-debian-clang | 0.8.2 | 1.35 | 46.11 | 47.46 | NOTE | |
r-devel-linux-x86_64-debian-gcc | 0.8.2 | 1.25 | 32.44 | 33.69 | NOTE | |
r-devel-linux-x86_64-fedora-clang | 0.8.2 | 56.51 | NOTE | |||
r-devel-linux-x86_64-fedora-gcc | 0.8.2 | 50.92 | NOTE | |||
r-devel-windows-ix86+x86_64 | 0.8.2 | 5.00 | 51.00 | 56.00 | NOTE | |
r-patched-linux-x86_64 | 0.8.2 | 1.57 | 43.78 | 45.35 | NOTE | |
r-patched-solaris-x86 | 0.8.2 | 72.70 | NOTE | |||
r-release-linux-x86_64 | 0.8.2 | 1.30 | 42.87 | 44.17 | NOTE | |
r-release-windows-ix86+x86_64 | 0.8.2 | 2.00 | 77.00 | 79.00 | NOTE | |
r-release-osx-x86_64 | 0.8.2 | NOTE | ||||
r-oldrel-windows-ix86+x86_64 | 0.8.2 | 5.00 | 55.00 | 60.00 | NOTE | |
r-oldrel-osx-x86_64 | 0.8.2 | NOTE |
Version: 0.8.2
Check: DESCRIPTION meta-information
Result: NOTE
Malformed Description field: should contain one or more complete sentences.
Flavors: r-devel-linux-x86_64-debian-clang, r-devel-linux-x86_64-debian-gcc, r-devel-linux-x86_64-fedora-clang, r-devel-linux-x86_64-fedora-gcc, r-devel-windows-ix86+x86_64, r-patched-linux-x86_64, r-patched-solaris-x86, r-release-linux-x86_64, r-release-windows-ix86+x86_64, r-release-osx-x86_64, r-oldrel-windows-ix86+x86_64, r-oldrel-osx-x86_64