CRAN Package Check Results for Package SpatialEpiApp

Last updated on 2018-06-20 01:50:36 CEST.

Flavor Version Tinstall Tcheck Ttotal Status Flags
r-devel-linux-x86_64-debian-clang 0.3 1.33 20.70 22.03 NOTE
r-devel-linux-x86_64-debian-gcc 0.3 0.96 16.31 17.27 NOTE
r-devel-linux-x86_64-fedora-clang 0.3 26.41 NOTE
r-devel-linux-x86_64-fedora-gcc 0.3 24.94 NOTE
r-devel-windows-ix86+x86_64 0.3 9.00 40.00 49.00 OK
r-patched-linux-x86_64 0.3 1.28 19.13 20.41 NOTE
r-patched-solaris-x86 0.3 36.10 NOTE
r-release-linux-x86_64 0.3 1.19 19.38 20.57 NOTE
r-release-windows-ix86+x86_64 0.3 6.00 28.00 34.00 OK
r-release-osx-x86_64 0.3 NOTE
r-oldrel-windows-ix86+x86_64 0.3 4.00 29.00 33.00 OK
r-oldrel-osx-x86_64 0.3 NOTE

Check Details

Version: 0.3
Check: package dependencies
Result: NOTE
    Package suggested but not available for checking: ‘INLA’
Flavors: r-devel-linux-x86_64-debian-clang, r-devel-linux-x86_64-debian-gcc, r-patched-linux-x86_64, r-patched-solaris-x86, r-release-linux-x86_64, r-release-osx-x86_64, r-oldrel-osx-x86_64

Version: 0.3
Check: dependencies in R code
Result: NOTE
    Namespaces in Imports field not imported from:
     ‘RColorBrewer’ ‘SpatialEpi’ ‘dplyr’ ‘dygraphs’ ‘ggplot2’
     ‘htmlwidgets’ ‘knitr’ ‘leaflet’ ‘mapproj’ ‘maptools’ ‘rgdal’ ‘rgeos’
     ‘rmarkdown’ ‘shinyjs’ ‘spdep’ ‘xts’
     All declared Imports should be used.
Flavors: r-devel-linux-x86_64-fedora-clang, r-devel-linux-x86_64-fedora-gcc, r-patched-solaris-x86, r-release-osx-x86_64, r-oldrel-osx-x86_64