CRAN Package Check Results for Package StatCharrms

Last updated on 2018-06-20 01:50:36 CEST.

Flavor Version Tinstall Tcheck Ttotal Status Flags
r-devel-linux-x86_64-debian-clang 0.90.91 9.24 155.06 164.30 OK
r-devel-linux-x86_64-debian-gcc 0.90.91 9.02 119.53 128.55 OK
r-devel-linux-x86_64-fedora-clang 0.90.91 196.72 OK
r-devel-linux-x86_64-fedora-gcc 0.90.91 187.43 OK
r-devel-windows-ix86+x86_64 0.90.91 32.00 199.00 231.00 OK
r-patched-linux-x86_64 0.90.91 9.19 131.34 140.53 OK
r-patched-solaris-x86 0.90.91 288.70 OK
r-release-linux-x86_64 0.90.91 9.46 129.38 138.84 OK
r-release-windows-ix86+x86_64 0.90.91 18.00 193.00 211.00 OK
r-release-osx-x86_64 0.90.91 ERROR
r-oldrel-windows-ix86+x86_64 0.90.91 17.00 135.00 152.00 OK
r-oldrel-osx-x86_64 0.90.9 ERROR

Check Details

Version: 0.90.91
Check: package dependencies
Result: ERROR
    Packages required but not available:
     ‘RGtk2’ ‘gWidgetsRGtk2’ ‘cairoDevice’ ‘RSCABS’
    
    See section ‘The DESCRIPTION file’ in the ‘Writing R Extensions’
    manual.
Flavor: r-release-osx-x86_64

Version: 0.90.9
Check: package dependencies
Result: ERROR
    Packages required but not available:
     ‘RGtk2’ ‘gWidgetsRGtk2’ ‘cairoDevice’ ‘RSCABS’
    
    See section ‘The DESCRIPTION file’ in the ‘Writing R Extensions’
    manual.
Flavor: r-oldrel-osx-x86_64