Last updated on 2018-06-20 01:50:37 CEST.
Flavor | Version | Tinstall | Tcheck | Ttotal | Status | Flags |
---|---|---|---|---|---|---|
r-devel-linux-x86_64-debian-clang | 1.0 | 28.85 | 77.35 | 106.20 | OK | |
r-devel-linux-x86_64-debian-gcc | 1.0 | 26.40 | 57.60 | 84.00 | OK | |
r-devel-linux-x86_64-fedora-clang | 1.0 | 143.85 | OK | |||
r-devel-linux-x86_64-fedora-gcc | 1.0 | 135.26 | OK | |||
r-devel-windows-ix86+x86_64 | 1.0 | 84.00 | 134.00 | 218.00 | OK | |
r-patched-linux-x86_64 | 1.0 | 31.42 | 75.88 | 107.30 | OK | |
r-patched-solaris-x86 | 1.0 | 241.60 | OK | |||
r-release-linux-x86_64 | 1.0 | 33.06 | 74.37 | 107.43 | OK | |
r-release-windows-ix86+x86_64 | 1.0 | 60.00 | 102.00 | 162.00 | OK | |
r-release-osx-x86_64 | 1.0 | NOTE | ||||
r-oldrel-windows-ix86+x86_64 | 1.0 | 75.00 | 111.00 | 186.00 | OK | |
r-oldrel-osx-x86_64 | 1.0 | NOTE |
Version: 1.0
Check: installed package size
Result: NOTE
installed size is 5.9Mb
sub-directories of 1Mb or more:
libs 5.3Mb
Flavors: r-release-osx-x86_64, r-oldrel-osx-x86_64