Last updated on 2018-06-20 01:50:37 CEST.
Flavor | Version | Tinstall | Tcheck | Ttotal | Status | Flags |
---|---|---|---|---|---|---|
r-devel-linux-x86_64-debian-clang | 2.0-23 | 4.73 | 624.21 | 628.94 | WARN | |
r-devel-linux-x86_64-debian-gcc | 2.0-23 | 4.19 | 488.04 | 492.23 | WARN | |
r-devel-linux-x86_64-fedora-clang | 2.0-23 | 739.19 | WARN | |||
r-devel-linux-x86_64-fedora-gcc | 2.0-23 | 714.37 | WARN | |||
r-devel-windows-ix86+x86_64 | 2.0-23 | 12.00 | 910.00 | 922.00 | OK | |
r-patched-linux-x86_64 | 2.0-23 | 4.46 | 577.36 | 581.82 | OK | |
r-patched-solaris-x86 | 2.0-23 | 1235.40 | OK | |||
r-release-linux-x86_64 | 2.0-23 | 5.87 | 582.06 | 587.93 | OK | |
r-release-windows-ix86+x86_64 | 2.0-23 | 7.00 | 675.00 | 682.00 | OK | |
r-release-osx-x86_64 | 2.0-23 | OK | ||||
r-oldrel-windows-ix86+x86_64 | 2.0-23 | 6.00 | 732.00 | 738.00 | OK | |
r-oldrel-osx-x86_64 | 2.0-23 | NOTE |
Version: 2.0-23
Check: for unstated dependencies in ‘tests’
Result: WARN
'::' or ':::' import not declared from: ‘doMC’
Flavors: r-devel-linux-x86_64-debian-clang, r-devel-linux-x86_64-debian-gcc, r-devel-linux-x86_64-fedora-clang, r-devel-linux-x86_64-fedora-gcc
Version: 2.0-23
Check: package dependencies
Result: NOTE
Packages suggested but not available for checking: ‘genefilter’ ‘sva’
Flavor: r-oldrel-osx-x86_64