Last updated on 2018-06-20 01:50:38 CEST.
Flavor | Version | Tinstall | Tcheck | Ttotal | Status | Flags |
---|---|---|---|---|---|---|
r-devel-linux-x86_64-debian-clang | 2.10 | 10.73 | 75.28 | 86.01 | NOTE | |
r-devel-linux-x86_64-debian-gcc | 2.10 | 8.81 | 57.50 | 66.31 | NOTE | |
r-devel-linux-x86_64-fedora-clang | 2.10 | 101.45 | NOTE | |||
r-devel-linux-x86_64-fedora-gcc | 2.10 | 95.04 | NOTE | |||
r-devel-windows-ix86+x86_64 | 2.10 | 19.00 | 81.00 | 100.00 | OK | |
r-patched-linux-x86_64 | 2.10 | 10.84 | 75.39 | 86.23 | NOTE | |
r-patched-solaris-x86 | 2.10 | 127.50 | NOTE | |||
r-release-linux-x86_64 | 2.10 | 9.55 | 74.16 | 83.71 | NOTE | |
r-release-windows-ix86+x86_64 | 2.10 | 17.00 | 81.00 | 98.00 | OK | |
r-release-osx-x86_64 | 2.10 | NOTE | ||||
r-oldrel-windows-ix86+x86_64 | 2.10 | 9.00 | 82.00 | 91.00 | OK | |
r-oldrel-osx-x86_64 | 2.10 | NOTE |
Version: 2.10
Check: package dependencies
Result: NOTE
Package suggested but not available for checking: ‘R2wd’
Flavors: r-devel-linux-x86_64-debian-clang, r-devel-linux-x86_64-debian-gcc, r-devel-linux-x86_64-fedora-clang, r-devel-linux-x86_64-fedora-gcc, r-patched-linux-x86_64, r-patched-solaris-x86, r-release-linux-x86_64, r-release-osx-x86_64, r-oldrel-osx-x86_64