Last updated on 2018-06-20 01:50:38 CEST.
Flavor | Version | Tinstall | Tcheck | Ttotal | Status | Flags |
---|---|---|---|---|---|---|
r-devel-linux-x86_64-debian-clang | 1.0-0 | 3.75 | 34.55 | 38.30 | NOTE | |
r-devel-linux-x86_64-debian-gcc | 1.0-0 | 3.07 | 26.62 | 29.69 | NOTE | |
r-devel-linux-x86_64-fedora-clang | 1.0-0 | 44.48 | NOTE | |||
r-devel-linux-x86_64-fedora-gcc | 1.0-0 | 42.23 | NOTE | |||
r-devel-windows-ix86+x86_64 | 1.0-0 | 11.00 | 70.00 | 81.00 | OK | |
r-patched-linux-x86_64 | 1.0-0 | 3.84 | 32.48 | 36.32 | NOTE | |
r-patched-solaris-x86 | 1.0-0 | 62.00 | OK | |||
r-release-linux-x86_64 | 1.0-0 | 3.33 | 32.46 | 35.79 | NOTE | |
r-release-windows-ix86+x86_64 | 1.0-0 | 7.00 | 49.00 | 56.00 | OK | |
r-release-osx-x86_64 | 1.0-0 | OK | ||||
r-oldrel-windows-ix86+x86_64 | 1.0-0 | 9.00 | 52.00 | 61.00 | OK | |
r-oldrel-osx-x86_64 | 1.0-0 | OK |
Version: 1.0-0
Check: compiled code
Result: NOTE
File ‘ThreeArmedTrials/libs/ThreeArmedTrials.so’:
Found no calls to: ‘R_registerRoutines’, ‘R_useDynamicSymbols’
It is good practice to register native routines and to disable symbol
search.
See ‘Writing portable packages’ in the ‘Writing R Extensions’ manual.
Flavors: r-devel-linux-x86_64-debian-clang, r-devel-linux-x86_64-debian-gcc, r-devel-linux-x86_64-fedora-clang, r-devel-linux-x86_64-fedora-gcc, r-patched-linux-x86_64, r-release-linux-x86_64