Last updated on 2018-06-20 01:50:40 CEST.
Flavor | Version | Tinstall | Tcheck | Ttotal | Status | Flags |
---|---|---|---|---|---|---|
r-devel-linux-x86_64-debian-clang | 2.0 | 9.65 | 139.48 | 149.13 | OK | |
r-devel-linux-x86_64-debian-gcc | 2.0 | 9.69 | 108.70 | 118.39 | OK | |
r-devel-linux-x86_64-fedora-clang | 2.0 | 180.28 | OK | |||
r-devel-linux-x86_64-fedora-gcc | 2.0 | 171.82 | OK | |||
r-devel-windows-ix86+x86_64 | 2.0 | 27.00 | 234.00 | 261.00 | OK | |
r-patched-linux-x86_64 | 2.0 | 8.34 | 117.72 | 126.06 | OK | |
r-patched-solaris-x86 | 2.0 | 229.80 | OK | |||
r-release-linux-x86_64 | 2.0 | 9.40 | 118.93 | 128.33 | OK | |
r-release-windows-ix86+x86_64 | 2.0 | 15.00 | 255.00 | 270.00 | OK | |
r-release-osx-x86_64 | 2.0 | OK | ||||
r-oldrel-windows-ix86+x86_64 | 2.0 | 14.00 | 192.00 | 206.00 | OK | |
r-oldrel-osx-x86_64 | 2.0 | WARN |
Version: 2.0
Check: re-building of vignette outputs
Result: WARN
Error in re-building vignettes:
...
Error: processing vignette 'wrappedvig.ltx' failed with diagnostics:
Running 'texi2dvi' on 'wrappedvig.ltx' failed.
LaTeX errors:
! Package pdftex.def Error: File `wrappedv1-eps-converted-to.pdf' not found.
See the pdftex.def package documentation for explanation.
Type H <return> for immediate help.
...
! Package pdftex.def Error: File `wrappedv2-eps-converted-to.pdf' not found.
See the pdftex.def package documentation for explanation.
Type H <return> for immediate help.
...
! Package pdftex.def Error: File `wrappedv3-eps-converted-to.pdf' not found.
See the pdftex.def package documentation for explanation.
Type H <return> for immediate help.
...
! Package pdftex.def Error: File `wrappedv4-eps-converted-to.pdf' not found.
See the pdftex.def package documentation for explanation.
Type H <return> for immediate help.
...
Execution halted
Flavor: r-oldrel-osx-x86_64