CRAN Package Check Results for Package accrued

Last updated on 2018-06-20 01:50:03 CEST.

Flavor Version Tinstall Tcheck Ttotal Status Flags
r-devel-linux-x86_64-debian-clang 1.4.1 2.21 29.75 31.96 NOTE
r-devel-linux-x86_64-debian-gcc 1.4.1 1.25 22.70 23.95 NOTE
r-devel-linux-x86_64-fedora-clang 1.4.1 37.59 NOTE
r-devel-linux-x86_64-fedora-gcc 1.4.1 35.27 NOTE
r-devel-windows-ix86+x86_64 1.4.1 6.00 50.00 56.00 NOTE
r-patched-linux-x86_64 1.4.1 1.98 28.77 30.75 NOTE
r-patched-solaris-x86 1.4.1 49.00 NOTE
r-release-linux-x86_64 1.4.1 1.92 27.87 29.79 NOTE
r-release-windows-ix86+x86_64 1.4.1 6.00 37.00 43.00 NOTE
r-release-osx-x86_64 1.4.1 NOTE
r-oldrel-windows-ix86+x86_64 1.4.1 3.00 36.00 39.00 NOTE
r-oldrel-osx-x86_64 1.4.1 NOTE

Check Details

Version: 1.4.1
Check: files in ‘vignettes’
Result: NOTE
    Package has no Sweave vignette sources and no VignetteBuilder field.
Flavors: r-devel-linux-x86_64-debian-clang, r-devel-linux-x86_64-debian-gcc, r-devel-linux-x86_64-fedora-clang, r-devel-linux-x86_64-fedora-gcc, r-devel-windows-ix86+x86_64, r-patched-linux-x86_64, r-patched-solaris-x86, r-release-linux-x86_64, r-release-windows-ix86+x86_64, r-release-osx-x86_64, r-oldrel-windows-ix86+x86_64, r-oldrel-osx-x86_64