Last updated on 2018-06-20 01:50:03 CEST.
Flavor | Version | Tinstall | Tcheck | Ttotal | Status | Flags |
---|---|---|---|---|---|---|
r-devel-linux-x86_64-debian-clang | 0.0.4.0 | 45.25 | 160.80 | 206.05 | WARN | |
r-devel-linux-x86_64-debian-gcc | 0.0.4.0 | 36.99 | 127.50 | 164.49 | OK | |
r-devel-linux-x86_64-fedora-clang | 0.0.4.0 | 250.34 | NOTE | |||
r-devel-linux-x86_64-fedora-gcc | 0.0.4.0 | 229.86 | NOTE | |||
r-devel-windows-ix86+x86_64 | 0.0.4.0 | 123.00 | 296.00 | 419.00 | OK | |
r-patched-linux-x86_64 | 0.0.4.0 | 43.16 | 133.49 | 176.65 | OK | |
r-patched-solaris-x86 | 0.0.4.0 | 286.20 | NOTE | |||
r-release-linux-x86_64 | 0.0.4.0 | 40.11 | 132.52 | 172.63 | OK | |
r-release-windows-ix86+x86_64 | 0.0.4.0 | 78.00 | 198.00 | 276.00 | OK | |
r-release-osx-x86_64 | 0.0.4.0 | NOTE | ||||
r-oldrel-windows-ix86+x86_64 | 0.0.4.0 | 82.00 | 202.00 | 284.00 | OK | |
r-oldrel-osx-x86_64 | 0.0.4.0 | NOTE |
Version: 0.0.4.0
Check: whether package can be installed
Result: WARN
Found the following significant warnings:
track_methods.cpp:22:16: warning: using integer absolute value function 'abs' when argument is of floating point type [-Wabsolute-value]
track_methods.cpp:23:16: warning: using integer absolute value function 'abs' when argument is of floating point type [-Wabsolute-value]
track_methods.cpp:50:22: warning: using integer absolute value function 'abs' when argument is of floating point type [-Wabsolute-value]
track_methods.cpp:52:22: warning: using integer absolute value function 'abs' when argument is of floating point type [-Wabsolute-value]
track_methods.cpp:55:27: warning: using integer absolute value function 'abs' when argument is of floating point type [-Wabsolute-value]
Flavor: r-devel-linux-x86_64-debian-clang
Version: 0.0.4.0
Check: dependencies in R code
Result: NOTE
Namespaces in Imports field not imported from:
‘Rcpp’ ‘magrittr’
All declared Imports should be used.
Flavors: r-devel-linux-x86_64-fedora-clang, r-devel-linux-x86_64-fedora-gcc, r-patched-solaris-x86, r-release-osx-x86_64, r-oldrel-osx-x86_64