Last updated on 2018-06-20 01:50:03 CEST.
Flavor | Version | Tinstall | Tcheck | Ttotal | Status | Flags |
---|---|---|---|---|---|---|
r-devel-linux-x86_64-debian-clang | 0.2.5 | 24.36 | 46.56 | 70.92 | OK | |
r-devel-linux-x86_64-debian-gcc | 0.2.5 | 20.78 | 78.84 | 99.62 | OK | |
r-devel-linux-x86_64-fedora-clang | 0.2.5 | 90.27 | NOTE | |||
r-devel-linux-x86_64-fedora-gcc | 0.2.5 | 82.11 | NOTE | |||
r-devel-windows-ix86+x86_64 | 0.2.5 | 67.00 | 106.00 | 173.00 | OK | |
r-patched-linux-x86_64 | 0.2.5 | 27.71 | 87.03 | 114.74 | OK | |
r-patched-solaris-x86 | 0.2.5 | 101.60 | NOTE | |||
r-release-linux-x86_64 | 0.2.5 | 26.50 | 64.36 | 90.86 | OK | |
r-release-windows-ix86+x86_64 | 0.2.5 | 46.00 | 75.00 | 121.00 | OK | |
r-release-osx-x86_64 | 0.2.5 | NOTE | ||||
r-oldrel-windows-ix86+x86_64 | 0.2.5 | 46.00 | 77.00 | 123.00 | OK | |
r-oldrel-osx-x86_64 | 0.2.5 | NOTE |
Version: 0.2.5
Check: dependencies in R code
Result: NOTE
Namespace in Imports field not imported from: ‘caret’
All declared Imports should be used.
Flavors: r-devel-linux-x86_64-fedora-clang, r-devel-linux-x86_64-fedora-gcc, r-patched-solaris-x86, r-release-osx-x86_64, r-oldrel-osx-x86_64