CRAN Package Check Results for Package antaresViz

Last updated on 2018-06-20 01:50:03 CEST.

Flavor Version Tinstall Tcheck Ttotal Status Flags
r-devel-linux-x86_64-debian-clang 0.14.0 16.85 189.23 206.08 OK
r-devel-linux-x86_64-debian-gcc 0.14.0 15.24 146.50 161.74 OK
r-devel-linux-x86_64-fedora-clang 0.14.0 235.72 OK
r-devel-linux-x86_64-fedora-gcc 0.14.0 222.15 OK
r-devel-windows-ix86+x86_64 0.14.0 50.00 285.00 335.00 OK
r-patched-linux-x86_64 0.14.0 12.05 158.12 170.17 OK
r-patched-solaris-x86 0.14.0 290.50 NOTE
r-release-linux-x86_64 0.14.0 12.03 156.55 168.58 OK
r-release-windows-ix86+x86_64 0.14.0 26.00 192.00 218.00 OK
r-release-osx-x86_64 0.14.0 OK
r-oldrel-windows-ix86+x86_64 0.14.0 27.00 198.00 225.00 OK
r-oldrel-osx-x86_64 0.13.0 OK

Check Details

Version: 0.14.0
Check: package dependencies
Result: NOTE
    Package suggested but not available for checking: ‘rhdf5’
Flavor: r-patched-solaris-x86