Last updated on 2018-06-20 01:50:03 CEST.
Flavor | Version | Tinstall | Tcheck | Ttotal | Status | Flags |
---|---|---|---|---|---|---|
r-devel-linux-x86_64-debian-clang | 0.4.1 | 1.55 | 18.69 | 20.24 | OK | |
r-devel-linux-x86_64-debian-gcc | 0.4.1 | 1.10 | 15.12 | 16.22 | OK | |
r-devel-linux-x86_64-fedora-clang | 0.4.1 | 23.95 | NOTE | |||
r-devel-linux-x86_64-fedora-gcc | 0.4.1 | 22.41 | NOTE | |||
r-devel-windows-ix86+x86_64 | 0.4.1 | 5.00 | 34.00 | 39.00 | OK | |
r-patched-linux-x86_64 | 0.4.1 | 1.34 | 17.60 | 18.94 | OK | |
r-patched-solaris-x86 | 0.4.1 | 34.40 | NOTE | |||
r-release-linux-x86_64 | 0.4.1 | 1.59 | 17.61 | 19.20 | OK | |
r-release-windows-ix86+x86_64 | 0.4.1 | 3.00 | 38.00 | 41.00 | OK | |
r-release-osx-x86_64 | 0.4.1 | NOTE | ||||
r-oldrel-windows-ix86+x86_64 | 0.4.1 | 2.00 | 30.00 | 32.00 | OK | |
r-oldrel-osx-x86_64 | 0.4.1 | NOTE |
Version: 0.4.1
Check: dependencies in R code
Result: NOTE
Namespace in Imports field not imported from: ‘testthat’
All declared Imports should be used.
Flavors: r-devel-linux-x86_64-fedora-clang, r-devel-linux-x86_64-fedora-gcc, r-patched-solaris-x86, r-release-osx-x86_64, r-oldrel-osx-x86_64