CRAN Package Check Results for Package arabicStemR

Last updated on 2018-06-20 01:50:04 CEST.

Flavor Version Tinstall Tcheck Ttotal Status Flags
r-devel-linux-x86_64-debian-clang 1.2 1.70 26.34 28.04 OK
r-devel-linux-x86_64-debian-gcc 1.2 1.15 20.67 21.82 OK
r-devel-linux-x86_64-fedora-clang 1.2 33.47 NOTE
r-devel-linux-x86_64-fedora-gcc 1.2 31.08 NOTE
r-devel-windows-ix86+x86_64 1.2 5.00 34.00 39.00 OK
r-patched-linux-x86_64 1.2 1.46 25.32 26.78 OK
r-patched-solaris-x86 1.2 44.80 NOTE
r-release-linux-x86_64 1.2 1.20 24.98 26.18 OK
r-release-windows-ix86+x86_64 1.2 5.00 36.00 41.00 OK
r-release-osx-x86_64 1.2 NOTE
r-oldrel-windows-ix86+x86_64 1.2 3.00 33.00 36.00 OK
r-oldrel-osx-x86_64 1.2 NOTE

Check Details

Version: 1.2
Check: data for non-ASCII characters
Result: NOTE
     Note: found 1 marked UTF-8 string
Flavors: r-devel-linux-x86_64-fedora-clang, r-devel-linux-x86_64-fedora-gcc, r-patched-solaris-x86, r-release-osx-x86_64, r-oldrel-osx-x86_64