CRAN Package Check Results for Package arnie

Last updated on 2018-06-20 01:50:04 CEST.

Flavor Version Tinstall Tcheck Ttotal Status Flags
r-devel-linux-x86_64-debian-clang 0.1.2 0.76 16.42 17.18 NOTE
r-devel-linux-x86_64-debian-gcc 0.1.2 0.61 12.91 13.52 NOTE
r-devel-linux-x86_64-fedora-clang 0.1.2 19.53 NOTE
r-devel-linux-x86_64-fedora-gcc 0.1.2 18.48 NOTE
r-devel-windows-ix86+x86_64 0.1.2 4.00 24.00 28.00 NOTE
r-patched-linux-x86_64 0.1.2 0.65 15.10 15.75 NOTE
r-patched-solaris-x86 0.1.2 29.90 NOTE
r-release-linux-x86_64 0.1.2 0.71 15.04 15.75 NOTE
r-release-windows-ix86+x86_64 0.1.2 3.00 24.00 27.00 NOTE
r-release-osx-x86_64 0.1.2 NOTE
r-oldrel-windows-ix86+x86_64 0.1.2 2.00 22.00 24.00 NOTE
r-oldrel-osx-x86_64 0.1.2 NOTE

Check Details

Version: 0.1.2
Check: DESCRIPTION meta-information
Result: NOTE
    Malformed Description field: should contain one or more complete sentences.
Flavors: r-devel-linux-x86_64-debian-clang, r-devel-linux-x86_64-debian-gcc, r-devel-linux-x86_64-fedora-clang, r-devel-linux-x86_64-fedora-gcc, r-devel-windows-ix86+x86_64, r-patched-linux-x86_64, r-patched-solaris-x86, r-release-linux-x86_64, r-release-windows-ix86+x86_64, r-release-osx-x86_64, r-oldrel-windows-ix86+x86_64, r-oldrel-osx-x86_64